mon divisor of 2754 and 34.
34
What is the highest common divisor of 16 and 13168?
16
What is the greatest common factor of 403 and 62?
31
What is the highest common divisor of 10 and 18?
2
Calculate the highest common divisor of 22952 and 151.
151
Calculate the greatest common divisor of 393 and 3.
3
Calculate the greatest common factor of 4802 and 56.
14
What is the highest common factor of 7 and 10717?
7
Calculate the highest common factor of 39 and 2613.
39
What is the highest common divisor of 5 and 320?
5
What is the greatest common divisor of 1833 and 705?
141
Calculate the greatest common factor of 48 and 16.
16
Calculate the greatest common divisor of 280 and 80.
40
What is the greatest common divisor of 5 and 95?
5
What is the highest common divisor of 21 and 777?
21
What is the greatest common factor of 42 and 637?
7
Calculate the greatest common factor of 1038 and 30.
6
Calculate the greatest common divisor of 7200 and 12.
12
What is the highest common factor of 14059 and 17?
17
Calculate the highest common factor of 44 and 99.
11
Calculate the greatest common factor of 42 and 854.
14
What is the greatest common divisor of 27300 and 1625?
325
What is the greatest common divisor of 14 and 98?
14
What is the highest common factor of 119 and 112?
7
What is the greatest common factor of 1660 and 20?
20
What is the highest common factor of 2023 and 35?
7
Calculate the highest common divisor of 5995 and 33.
11
What is the greatest common factor of 32 and 5808?
16
Calculate the greatest common factor of 64 and 844.
4
What is the greatest common factor of 42 and 231?
21
Calculate the highest common divisor of 6540 and 5.
5
Calculate the highest common divisor of 2496 and 256.
64
What is the greatest common factor of 468 and 130?
26
Calculate the greatest common divisor of 162 and 54.
54
Calculate the highest common factor of 3340 and 20.
20
What is the highest common divisor of 26 and 135434?
26
Calculate the greatest common factor of 134 and 98.
2
What is the greatest common factor of 832 and 22256?
208
What is the highest common divisor of 169 and 65?
13
Calculate the greatest common divisor of 976 and 192.
16
What is the highest common factor of 111 and 851?
37
What is the highest common divisor of 42 and 105?
21
What is the greatest common factor of 1717 and 187?
17
What is the highest common factor of 1062 and 236?
118
What is the greatest common divisor of 49 and 16?
1
What is the greatest common divisor of 306 and 1054?
34
What is the greatest common factor of 6 and 2022?
6
What is the highest common factor of 2173 and 41?
41
Calculate the highest common factor of 527 and 34.
17
Calculate the greatest common factor of 135 and 285.
15
What is the greatest common divisor of 3 and 33?
3
Calculate the highest common factor of 374 and 4.
2
What is the highest common factor of 162 and 6?
6
Calculate the greatest common factor of 1125 and 9.
9
What is the highest common factor of 153 and 21?
3
What is the highest common divisor of 4219 and 1?
1
Calculate the greatest common divisor of 1817 and 316.
79
Calculate the greatest common factor of 49 and 3283.
49
What is the greatest common divisor of 28 and 210?
14
What is the greatest common factor of 2726 and 423?
47
What is the greatest common divisor of 485 and 582?
97
Calculate the greatest common divisor of 2 and 64.
2
Calculate the highest common divisor of 365 and 5.
5
What is the highest common divisor of 12080 and 80?
80
What is the greatest common factor of 81 and 8316?
27
What is the greatest common divisor of 344 and 4?
4
Calculate the greatest common factor of 7 and 434.
7
What is the highest common divisor of 795 and 255?
15
What is the greatest common factor of 165 and 627?
33
Calculate the greatest common factor of 6655 and 5.
5
What is the greatest common factor of 340 and 100?
20
What is the greatest common divisor of 250 and 600?
50
What is the highest common factor of 133 and 14?
7
What is the highest common factor of 480 and 15?
15
Calculate the highest common divisor of 415 and 25.
5
What is the highest common divisor of 19809 and 426?
213
What is the highest common factor of 145 and 580?
145
What is the greatest common factor of 16 and 56?
8
What is the highest common factor of 3051 and 27?
27
What is the highest common divisor of 2773 and 118?
59
What is the highest common divisor of 54 and 8?
2
Calculate the greatest common divisor of 13501 and 23.
23
What is the greatest common factor of 319 and 116?
29
Calculate the greatest common divisor of 2835 and 162.
81
What is the greatest common divisor of 4182 and 323?
17
What is the highest common divisor of 10528 and 94?
94
What is the greatest common factor of 735 and 42?
21
What is the highest common factor of 380 and 20?
20
What is the highest common factor of 915 and 30?
15
Calculate the greatest common factor of 441 and 378.
63
Calculate the highest common factor of 61 and 549.
61
Calculate the highest common factor of 189 and 49.
7
What is the greatest common factor of 6 and 1536?
6
What is the highest common factor of 21 and 21?
21
Calculate the highest common divisor of 6 and 286.
2
Calculate the highest common divisor of 13 and 351.
13
Calculate the greatest common factor of 302 and 52246.
302
What is the highest common divisor of 144 and 192?
48
What is the highest common divisor of 11985 and 94?
47
Calculate the greatest common factor of 30 and 4.
2
What is the highest common factor of 128 and 20864?
128
What is the highest common divisor of 161 and 2709?
7
What is the greatest common factor of 7 and 315?
7
What is the highest common factor of 14935 and 58?
29
Calculate the highest common factor of 672 and 96.
96
Calculate the greatest common divisor of 42 and 7112.
14
What is the highest common divisor of 1686 and 54?
6
Calculate the greatest common factor of 496 and 31.
31
What is the greatest common divisor of 104 and 338?
26
What is the highest common divisor of 29945 and 226?
113
Calculate the greatest common factor of 3822 and 490.
98
Calculate the greatest common divisor of 357 and 700.
7
What is the greatest common divisor of 3 and 9?
3
What is the highest common factor of 172 and 46268?
172
What is the greatest common factor of 1 and 61?
1
Calculate the highest common factor of 841 and 1218.
29
Calculate the highest common divisor of 1164 and 12.
12
Calculate the greatest common factor of 473 and 44.
11
What is the greatest common divisor of 52 and 3822?
26
What is the greatest common divisor of 2641 and 1529?
139
What is the greatest common divisor of 1372 and 4?
4
What is the highest common divisor of 15 and 285?
15
What is the greatest common divisor of 2172 and 48?
12
What is the greatest common factor of 2 and 36?
2
Calculate the greatest common factor of 56 and 1498.
14
What is the highest common divisor of 17 and 2?
1
Calculate the greatest common divisor of 14 and 2506.
14
What is the highest common divisor of 243 and 171?
9
Calculate the greatest common factor of 36 and 1233.
9
Calculate the greatest common divisor of 470 and 10.
10
Calculate the greatest common divisor of 273 and 21.
21
Calculate the greatest common divisor of 480 and 60.
60
Calculate the greatest common factor of 275 and 1111.
11
Calculate the greatest common divisor of 8 and 8.
8
What is the highest common divisor of 5390 and 42?
14
What is the highest common divisor of 400 and 50?
50
Calculate the greatest common divisor of 3300 and 950.
50
Calculate the greatest common divisor of 130 and 20.
10
What is the greatest common factor of 12 and 9867?
3
What is the greatest common divisor of 184 and 207?
23
What is the highest common divisor of 58 and 3422?
58
What is the highest common factor of 45 and 36?
9
Calculate the highest common factor of 100 and 325.
25
What is the greatest common factor of 775 and 2573?
31
Calculate the greatest common factor of 38 and 551.
19
Calculate the greatest common factor of 1573 and 13.
13
What is the greatest common factor of 247 and 133?
19
Calculate the highest common factor of 22253 and 77.
77
What is the highest common factor of 30 and 780?
30
Calculate the highest common divisor of 231 and 23639.
77
Calculate the greatest common divisor of 125 and 200.
25
What is the highest common f